 579 and 12.
3
Calculate the greatest common factor of 54 and 594.
54
Calculate the greatest common factor of 196 and 7.
7
What is the highest common factor of 11320 and 40?
40
What is the greatest common factor of 988 and 57?
19
What is the highest common divisor of 1029 and 49?
49
Calculate the greatest common divisor of 238 and 2.
2
What is the highest common factor of 5027 and 11?
11
Calculate the highest common divisor of 3926 and 906.
302
What is the highest common factor of 2236 and 39?
13
What is the highest common factor of 429 and 195?
39
What is the greatest common factor of 126 and 288?
18
What is the highest common divisor of 174 and 21750?
174
What is the highest common divisor of 1397 and 11?
11
What is the highest common factor of 26 and 2483?
13
Calculate the greatest common factor of 20 and 44.
4
Calculate the greatest common divisor of 35 and 861.
7
Calculate the greatest common factor of 50 and 4075.
25
What is the greatest common divisor of 40 and 200?
40
Calculate the highest common divisor of 5 and 4925.
5
What is the greatest common factor of 169 and 91?
13
What is the greatest common divisor of 289 and 476?
17
What is the highest common divisor of 65 and 117?
13
What is the greatest common divisor of 28495 and 205?
205
What is the greatest common divisor of 8575 and 175?
175
Calculate the greatest common divisor of 17 and 544.
17
What is the greatest common factor of 36 and 228?
12
Calculate the highest common factor of 17010 and 14.
14
What is the highest common divisor of 30 and 870?
30
What is the highest common factor of 52 and 1898?
26
Calculate the greatest common divisor of 912 and 1748.
76
Calculate the highest common factor of 3196 and 68.
68
Calculate the highest common factor of 11 and 2321.
11
Calculate the greatest common divisor of 16947 and 18.
9
Calculate the highest common divisor of 248 and 24.
8
What is the greatest common divisor of 49 and 56?
7
What is the highest common factor of 24 and 248?
8
Calculate the greatest common divisor of 130 and 806.
26
What is the highest common factor of 1623 and 6?
3
Calculate the greatest common divisor of 26 and 1703.
13
Calculate the highest common divisor of 735 and 42.
21
Calculate the highest common divisor of 15 and 215.
5
What is the highest common factor of 385 and 55?
55
What is the highest common factor of 7 and 64?
1
Calculate the greatest common divisor of 1143 and 9.
9
What is the greatest common factor of 129 and 301?
43
What is the highest common divisor of 5207 and 41?
41
What is the greatest common factor of 800 and 250?
50
Calculate the highest common factor of 62 and 2.
2
Calculate the highest common divisor of 8 and 82.
2
What is the highest common factor of 414 and 90?
18
Calculate the greatest common factor of 320 and 1320.
40
What is the greatest common factor of 140 and 8435?
35
Calculate the highest common factor of 180 and 75.
15
Calculate the highest common divisor of 344 and 774.
86
Calculate the greatest common factor of 12 and 6.
6
Calculate the greatest common factor of 60 and 20220.
60
Calculate the greatest common divisor of 602 and 2752.
86
What is the greatest common factor of 45 and 1305?
45
What is the greatest common factor of 39 and 7072?
13
What is the greatest common divisor of 30 and 130?
10
What is the greatest common factor of 98 and 3626?
98
Calculate the greatest common factor of 112 and 406.
14
What is the greatest common factor of 702 and 90?
18
What is the greatest common divisor of 1222 and 282?
94
What is the greatest common factor of 64 and 1184?
32
What is the highest common factor of 8288 and 224?
224
Calculate the highest common factor of 75 and 12.
3
What is the highest common divisor of 42 and 518?
14
What is the highest common divisor of 208 and 64?
16
What is the highest common factor of 36 and 7?
1
Calculate the highest common divisor of 60 and 220.
20
What is the greatest common divisor of 77 and 34573?
77
What is the greatest common factor of 93 and 31?
31
What is the greatest common divisor of 144 and 1488?
48
What is the greatest common divisor of 405 and 5022?
81
Calculate the greatest common divisor of 29 and 61.
1
Calculate the highest common divisor of 72 and 856.
8
What is the greatest common divisor of 220 and 30?
10
What is the highest common factor of 3515 and 555?
185
What is the highest common divisor of 232 and 261?
29
Calculate the greatest common divisor of 44 and 284.
4
What is the greatest common divisor of 1449 and 252?
63
What is the greatest common divisor of 14348 and 68?
68
What is the greatest common factor of 9 and 5298?
3
Calculate the greatest common divisor of 1300 and 100.
100
Calculate the greatest common divisor of 5690 and 90.
10
Calculate the highest common divisor of 228 and 36.
12
Calculate the highest common factor of 1 and 5.
1
Calculate the greatest common factor of 87 and 812.
29
Calculate the greatest common factor of 19 and 361.
19
What is the greatest common factor of 10 and 12295?
5
Calculate the greatest common divisor of 58 and 725.
29
Calculate the greatest common factor of 12224 and 192.
64
Calculate the greatest common factor of 424 and 8.
8
What is the highest common factor of 32 and 392?
8
Calculate the greatest common factor of 78 and 8086.
26
What is the greatest common divisor of 22 and 198?
22
Calculate the greatest common factor of 111 and 703.
37
Calculate the highest common factor of 352 and 32.
32
What is the greatest common divisor of 150 and 1455?
15
What is the greatest common factor of 76 and 1444?
76
What is the highest common factor of 120 and 255?
15
What is the greatest common divisor of 2035 and 4995?
185
Calculate the greatest common divisor of 8 and 4.
4
What is the greatest common divisor of 965 and 10?
5
What is the highest common factor of 290 and 1508?
58
What is the highest common factor of 2784 and 576?
96
Calculate the greatest common divisor of 3839 and 22.
11
Calculate the greatest common divisor of 11 and 275.
11
Calculate the greatest common factor of 70 and 103810.
70
Calculate the highest common divisor of 41466 and 6.
6
What is the greatest common factor of 870 and 29?
29
What is the greatest common factor of 40 and 16040?
40
Calculate the highest common factor of 7 and 3.
1
Calculate the highest common factor of 120 and 156.
12
What is the highest common factor of 1170 and 270?
90
Calculate the highest common divisor of 279 and 155.
31
Calculate the highest common factor of 243 and 81.
81
What is the greatest common factor of 243 and 3?
3
Calculate the greatest common factor of 1620 and 20.
20
What is the greatest common factor of 1856 and 29?
29
What is the highest common factor of 4292 and 116?
116
Calculate the greatest common divisor of 57 and 48.
3
What is the highest common divisor of 70043 and 89?
89
What is the greatest common divisor of 80 and 172?
4
Calculate the highest common divisor of 2684 and 44.
44
What is the greatest common factor of 20 and 18310?
10
Calculate the greatest common divisor of 140 and 665.
35
What is the greatest common factor of 19 and 25973?
19
Calculate the greatest common divisor of 2205 and 455.
35
What is the highest common divisor of 91 and 1105?
13
What is the greatest common factor of 8 and 1304?
8
What is the highest common factor of 285 and 228?
57
What is the highest common divisor of 589 and 703?
19
What is the greatest common factor of 30 and 11805?
15
Calculate the greatest common factor of 1348 and 8425.
337
What is the highest common factor of 2405 and 312?
13
What is the highest common divisor of 138 and 18?
6
What is the greatest common factor of 94 and 2021?
47
Calculate the greatest common factor of 20 and 745.
5
Calculate the highest common divisor of 80 and 1088.
16
What is the highest common divisor of 611 and 1457?
47
What is the highest common divisor of 18 and 3258?
18
Calculate the greatest common factor of 28 and 25.
1
Calculate the highest common divisor of 9061 and 41.
41
Calculate the greatest common factor of 4 and 388.
4
Calculate the greatest common factor of 14027 and 338.
169
What is the greatest common divisor of 1456 and 2002?
182
Calculate the highest common divisor of 2052 and 76.
76
What is the greatest common factor of 235 and 5?
5
Calculate t